{"id":15,"date":"2018-05-22T00:00:27","date_gmt":"2018-05-21T23:00:27","guid":{"rendered":"http:\/\/dorfgemeinschaft-dachtmissen.de\/wordpress\/?page_id=15"},"modified":"2026-04-02T12:53:23","modified_gmt":"2026-04-02T11:53:23","slug":"impressum","status":"publish","type":"page","link":"https:\/\/dorfgemeinschaft-dachtmissen.de\/?page_id=15","title":{"rendered":"Impressum und Datenschutz"},"content":{"rendered":"<p class=\"bodytext\"><span style=\"font-size: 11pt; font-family: Arial;\">Dorfgemeinschaft Dachtmissen e.V.<\/span><\/p>\n<p class=\"bodytext\"><span style=\"font-size: 11pt; font-family: Arial;\">Dorfstr. 13<\/span><\/p>\n<p class=\"bodytext\"><span style=\"font-size: 11pt; font-family: Arial;\">21391 Reppenstedt-Dachtmissen<\/span><\/p>\n<p class=\"bodytext\"><span style=\"font-size: 11pt; font-family: Arial;\">E-Mail:\u00a0info &#8222;dann diesen Text durch das at-zeichen ersetzen&#8220;\u00a0dorfgemeinschaft-dachtmissen.de<\/span><\/p>\n<h1>Vorstand<\/h1>\n<pre>Vorsitzende: Britta Nicklaus\nStellv. Vorsitzende: Nicole Twesten\nKassenwart: Roman M\u00fcller\nSchriftf\u00fchrerin: Anja K\u00f6hler<\/pre>\n<h1>Vorstand bis 5.11.2021<\/h1>\n<pre>Vorsitzende:\u00a0Britta Nicklaus\nStellv. Vorsitzende:\u00a0Anja Rosenbusch-Thon, Nicole Twesten\nKassenwart: Roman M\u00fcller\nSchriftf\u00fchrerin: Daniela Volzke<\/pre>\n<h1>Vorstand bis 14.05.2019<\/h1>\n<pre>Vorsitzende:\u00a0Nicole Twesten\nStellv. Vorsitzende: Anja K\u00f6hler\nKassenwart: U. Alletha M\u00fcnker\nSchriftf\u00fchrer:\u00a0Christian Kreutzmann<\/pre>\n<h1>Vorstand\u00a0bis 29. M\u00e4rz\u00a02017<\/h1>\n<pre>Vorsitzende:\u00a0Nicole Twesten\nStellv. Vorsitzende:\u00a0Clarissa Schreiber, Anja K\u00f6hler\nKassenwart: Mark Stark\nSchriftf\u00fchrer:\u00a0Christian Kreutzmann<\/pre>\n<h1>Vorstand bis 23. Januar 2015<\/h1>\n<pre>1.Vorsitzender:\u00a0Christian Kreutzmann\nStellv. Vorsitzende: Antje Goerlich, Arnold Scheele\nKassenwart: Mark Stark\nSchriftf\u00fchrer: Wulfhard Paulig<\/pre>\n<h1>Vorstand bis 18. Januar 2013<\/h1>\n<pre>1.Vorsitzender:\u00a0Christian Kreutzmann\nStellv. Vorsitzende: Antje Goerlich\nKassenwart: Mark Stark\nSchriftf\u00fchrer: Wulfhard Paulig<\/pre>\n<h1><strong>Vorstand bis 21. Januar 2011<\/strong><\/h1>\n<pre><span style=\"font-size: 11pt; font-family: Arial;\">1.Vorsitzender: <\/span><span style=\"font-size: 8pt;\"><span style=\"font-size: 11pt; font-family: Arial;\">Christian Kreutzmann<\/span><\/span>\n<span style=\"font-size: 8pt;\"><span style=\"font-size: 11pt; font-family: Arial;\">Stellv. Vorsitzende: Antje Goerlich<\/span><\/span>\n<span style=\"font-size: 8pt;\"><span style=\"font-size: 11pt; font-family: Arial;\">Kassenwart: Mark Stark <\/span><\/span>\n<span style=\"font-size: 8pt;\"><span style=\"font-size: 11pt; font-family: Arial;\">Schriftf\u00fchrer: Wulfhard Paulig\n<\/span><\/span><\/pre>\n<h1>Vorstand bis 21. Januar 2010<\/h1>\n<pre>1.Vorsitzender:\u00a0Christian Kreutzmann\nStellv. Vorsitzende: Angela Schoop\nKassenwart: Mark Stark\nSchriftf\u00fchrerin: Antje Goerlich\n<span style=\"font-size: 11pt; font-family: Arial;\">\n\n<strong>Vorstand bis 23. Januar 2009<\/strong> <\/span><\/pre>\n<pre class=\"bodytext\"><strong><span style=\"font-size: 11pt; font-family: Arial;\">1.Vorsitzender: <\/span><span style=\"font-size: 8pt;\"><span style=\"font-size: 11pt; font-family: Arial;\">Christian Kreutzmann<\/span><\/span>\n<span style=\"font-size: 8pt;\"><span style=\"font-size: 11pt; font-family: Arial;\">Stellv. Vorsitzende: Inge Herrmann, Angela Schoop<\/span><\/span>\n<span style=\"font-size: 8pt;\"><span style=\"font-size: 11pt; font-family: Arial;\">Kassenwart: Mark Stark <\/span><\/span>\n<span style=\"font-size: 8pt;\"><span style=\"font-size: 11pt; font-family: Arial;\">Schriftf\u00fchrer: Lennart Stelmatzak<\/span><\/span><\/strong><\/pre>\n<h3><span style=\"font-size: 11pt; font-family: Arial;\">Haftungsausschluss<\/span><\/h3>\n<p class=\"bodytext\"><span style=\"font-size: 11pt; font-family: Arial;\">Trotz sorgf\u00e4ltiger inhaltlicher Kontrolle \u00fcbernehmen wir keine Haftung f\u00fcr die Inhalte externer Links. F\u00fcr den Inhalt der verlinkten Seiten sind ausschlie\u00dflich deren Betreiber verantwortlich. <\/span><\/p>\n<p class=\"bodytext\"><span style=\"font-size: 11pt; font-family: Arial;\">Diese Website wurde mit gr\u00f6\u00dftm\u00f6glicher Sorgfalt erstellt. Es kann jedoch keine Gew\u00e4hr f\u00fcr die Fehlerfreiheit und Genauigkeit der enthaltenen Informationen \u00fcbernommen werden. Jegliche Haftung f\u00fcr Sch\u00e4den, die direkt oder indirekt aus der Nutzung dieser Website entstehen, wird ausgeschlossen, soweit diese nicht auf Vorsatz oder grober Fahrl\u00e4ssigkeit beruhen. <\/span><\/p>\n<h3><span style=\"font-size: 11pt; font-family: Arial;\">Copyright<\/span><\/h3>\n<p class=\"bodytext\"><span style=\"font-size: 11pt; font-family: Arial;\">Layout, Gestaltung sowie Bilder sind urheberrechtlich gesch\u00fctzt. Das Kopieren, Downloaden, Vervielf\u00e4ltigen, Nutzen oder Verbreiten dieser Inhalte ist grunds\u00e4tzlich nur mit Genehmigung des Herausgebers zul\u00e4ssig.<\/span><\/p>\n<div class=\"s3-t s3-t0\">\n<p><strong><big>Datenschutzerkl\u00e4rung \/ Datenschutz<\/big><\/strong><\/p>\n<p><strong>Allgemeiner Hinweis und Pflichtinformationen<\/strong><\/p>\n<p><strong>Benennung der verantwortlichen Stelle<\/strong><\/p>\n<p>Die verantwortliche Stelle f\u00fcr die Datenverarbeitung auf dieser Website ist:<\/p>\n<p>Der Vorstand<\/p>\n<p>Die verantwortliche Stelle entscheidet allein oder gemeinsam mit anderen \u00fcber die Zwecke und Mittel der Verarbeitung von personenbezogenen Daten (z.B. Namen, Kontaktdaten o. \u00c4.).<\/p>\n<p><strong>Widerruf Ihrer Einwilligung zur Datenverarbeitung<\/strong><\/p>\n<p>Nur mit Ihrer ausdr\u00fccklichen Einwilligung sind einige Vorg\u00e4nge der Datenverarbeitung m\u00f6glich. Ein Widerruf Ihrer bereits erteilten Einwilligung ist jederzeit m\u00f6glich. F\u00fcr den Widerruf gen\u00fcgt eine formlose Mitteilung per E-Mail. Die Rechtm\u00e4\u00dfigkeit der bis zum Widerruf erfolgten Datenverarbeitung bleibt vom Widerruf unber\u00fchrt.<\/p>\n<p><strong>Recht auf Beschwerde bei der zust\u00e4ndigen Aufsichtsbeh\u00f6rde<\/strong><\/p>\n<p>Als Betroffener steht Ihnen im Falle eines datenschutzrechtlichen Versto\u00dfes ein Beschwerderecht bei der zust\u00e4ndigen Aufsichtsbeh\u00f6rde zu. Zust\u00e4ndige Aufsichtsbeh\u00f6rde bez\u00fcglich datenschutzrechtlicher Fragen ist der Landesdatenschutzbeauftragte des Bundeslandes, in dem sich der Sitz unseres Unternehmens befindet. Der folgende Link stellt eine Liste der Datenschutzbeauftragten sowie deren Kontaktdaten bereit: <a href=\"https:\/\/www.bfdi.bund.de\/DE\/Infothek\/Anschriften_Links\/anschriften_links-node.html\" target=\"_blank\" rel=\"noopener noreferrer\">https:\/\/www.bfdi.bund.de\/DE\/Infothek\/Anschriften_Links\/anschriften_links-node.html<\/a>.<\/p>\n<p><strong>Recht auf Daten\u00fcbertragbarkeit<\/strong><\/p>\n<p>Ihnen steht das Recht zu, Daten, die wir auf Grundlage Ihrer Einwilligung oder in Erf\u00fcllung eines Vertrags automatisiert verarbeiten, an sich oder an Dritte aush\u00e4ndigen zu lassen. Die Bereitstellung erfolgt in einem maschinenlesbaren Format. Sofern Sie die direkte \u00dcbertragung der Daten an einen anderen Verantwortlichen verlangen, erfolgt dies nur, soweit es technisch machbar ist.<\/p>\n<p><strong>Recht auf Auskunft, Berichtigung, Sperrung, L\u00f6schung<\/strong><\/p>\n<p>Sie haben jederzeit im Rahmen der geltenden gesetzlichen Bestimmungen das Recht auf unentgeltliche Auskunft \u00fcber Ihre gespeicherten personenbezogenen Daten, Herkunft der Daten, deren Empf\u00e4nger und den Zweck der Datenverarbeitung und ggf. ein Recht auf Berichtigung, Sperrung oder L\u00f6schung dieser Daten. Diesbez\u00fcglich und auch zu weiteren Fragen zum Thema personenbezogene Daten k\u00f6nnen Sie sich jederzeit \u00fcber die im Impressum aufgef\u00fchrten Kontaktm\u00f6glichkeiten an uns wenden.<\/p>\n<p><strong>SSL- bzw. TLS-Verschl\u00fcsselung<\/strong><\/p>\n<p>Aus Sicherheitsgr\u00fcnden und zum Schutz der \u00dcbertragung vertraulicher Inhalte, die Sie an uns als Seitenbetreiber senden, nutzt unsere Website eine SSL-bzw. TLS-Verschl\u00fcsselung. Damit sind Daten, die Sie \u00fcber diese Website \u00fcbermitteln, f\u00fcr Dritte nicht mitlesbar. Sie erkennen eine verschl\u00fcsselte Verbindung an der \u201ehttps:\/\/\u201c Adresszeile Ihres Browsers und am Schloss-Symbol in der Browserzeile.<\/p>\n<\/div>\n<div class=\"s3-t s3-t12\">\n<p><strong>Cookies<\/strong><\/p>\n<p>Unsere Website verwendet Cookies. Das sind kleine Textdateien, die Ihr Webbrowser auf Ihrem Endger\u00e4t speichert. Cookies helfen uns dabei, unser Angebot nutzerfreundlicher, effektiver und sicherer zu machen.<\/p>\n<p>Einige Cookies sind \u201cSession-Cookies.\u201d Solche Cookies werden nach Ende Ihrer Browser-Sitzung von selbst gel\u00f6scht. Hingegen bleiben andere Cookies auf Ihrem Endger\u00e4t bestehen, bis Sie diese selbst l\u00f6schen. Solche Cookies helfen uns, Sie bei R\u00fcckkehr auf unserer Website wiederzuerkennen.<\/p>\n<p>Mit einem modernen Webbrowser k\u00f6nnen Sie das Setzen von Cookies \u00fcberwachen, einschr\u00e4nken oder unterbinden. Viele Webbrowser lassen sich so konfigurieren, dass Cookies mit dem Schlie\u00dfen des Programms von selbst gel\u00f6scht werden. Die Deaktivierung von Cookies kann eine eingeschr\u00e4nkte Funktionalit\u00e4t unserer Website zur Folge haben.<\/p>\n<p>Das Setzen von Cookies, die zur Aus\u00fcbung elektronischer Kommunikationsvorg\u00e4nge oder der Bereitstellung bestimmter, von Ihnen erw\u00fcnschter Funktionen (z.B. Warenkorb) notwendig sind, erfolgt auf Grundlage von Art. 6 Abs. 1 lit. f DSGVO. Als Betreiber dieser Website haben wir ein berechtigtes Interesse an der Speicherung von Cookies zur technisch fehlerfreien und reibungslosen Bereitstellung unserer Dienste. Sofern die Setzung anderer Cookies (z.B. f\u00fcr Analyse-Funktionen) erfolgt, werden diese in dieser Datenschutzerkl\u00e4rung separat behandelt.<\/p>\n<\/div>\n<div class=\"s3-t s3-t0\">\n<p><small>Quelle: Datenschutz-Konfigurator von <a href=\"http:\/\/www.mein-datenschutzbeauftragter.de\/\" target=\"_blank\" rel=\"noopener noreferrer\">mein-datenschutzbeauftragter.de<\/a><\/small><\/p>\n<\/div>\n","protected":false},"excerpt":{"rendered":"<p>Dorfgemeinschaft Dachtmissen e.V. Dorfstr. 13 21391 Reppenstedt-Dachtmissen E-Mail:\u00a0info &#8222;dann diesen Text durch das at-zeichen ersetzen&#8220;\u00a0dorfgemeinschaft-dachtmissen.de Vorstand Vorsitzende: Britta Nicklaus Stellv. Vorsitzende: Nicole Twesten Kassenwart: Roman M\u00fcller Schriftf\u00fchrerin: Anja K\u00f6hler Vorstand bis 5.11.2021 Vorsitzende:\u00a0Britta Nicklaus Stellv. Vorsitzende:\u00a0Anja Rosenbusch-Thon, Nicole Twesten Kassenwart: &hellip; <a href=\"https:\/\/dorfgemeinschaft-dachtmissen.de\/?page_id=15\">Weiterlesen <span class=\"meta-nav\">&rarr;<\/span><\/a><\/p>\n","protected":false},"author":1,"featured_media":0,"parent":0,"menu_order":4,"comment_status":"closed","ping_status":"closed","template":"","meta":{"footnotes":""},"class_list":["post-15","page","type-page","status-publish","hentry"],"_links":{"self":[{"href":"https:\/\/dorfgemeinschaft-dachtmissen.de\/index.php?rest_route=\/wp\/v2\/pages\/15","targetHints":{"allow":["GET"]}}],"collection":[{"href":"https:\/\/dorfgemeinschaft-dachtmissen.de\/index.php?rest_route=\/wp\/v2\/pages"}],"about":[{"href":"https:\/\/dorfgemeinschaft-dachtmissen.de\/index.php?rest_route=\/wp\/v2\/types\/page"}],"author":[{"embeddable":true,"href":"https:\/\/dorfgemeinschaft-dachtmissen.de\/index.php?rest_route=\/wp\/v2\/users\/1"}],"replies":[{"embeddable":true,"href":"https:\/\/dorfgemeinschaft-dachtmissen.de\/index.php?rest_route=%2Fwp%2Fv2%2Fcomments&post=15"}],"version-history":[{"count":22,"href":"https:\/\/dorfgemeinschaft-dachtmissen.de\/index.php?rest_route=\/wp\/v2\/pages\/15\/revisions"}],"predecessor-version":[{"id":1042,"href":"https:\/\/dorfgemeinschaft-dachtmissen.de\/index.php?rest_route=\/wp\/v2\/pages\/15\/revisions\/1042"}],"wp:attachment":[{"href":"https:\/\/dorfgemeinschaft-dachtmissen.de\/index.php?rest_route=%2Fwp%2Fv2%2Fmedia&parent=15"}],"curies":[{"name":"wp","href":"https:\/\/api.w.org\/{rel}","templated":true}]}}